ighest common factor of d and 28?
28
Let i be 0/(-7)*(-1)/1. Suppose 4*u = -i*u + 28. Let g = u - -1. Calculate the highest common factor of g and 4.
4
Let v(s) = -s + 29. Let k be v(20). Let q be 2/7*56/16. Calculate the greatest common factor of k and q.
1
Let o = 2 + -2. Suppose o*w - 6 = -2*w. Suppose 2*d = -w*u + 10, 4*d + 2*u - 24 = -2*u. What is the greatest common factor of 8 and d?
8
Suppose 2*i - 4 = -2. Suppose k + 0*k = q + i, 16 = k + 4*q. Suppose z - j - 10 = 0, 0*j = 5*z + k*j - 95. Calculate the highest common factor of 120 and z.
15
Let x(u) = u**3 + 7*u**2 - 2*u - 4. Let l be x(-5). What is the highest common divisor of 70 and l?
14
Let o = -1041 + 3552. Calculate the highest common divisor of 93 and o.
93
Suppose -5*x + 156 = 2*c, 2*c + 3 = 9. Suppose 7*a - 48 = 3*a. What is the greatest common factor of a and x?
6
Suppose -59 = -u + n, 237 = 3*u - 4*n + 58. Suppose 0 = 3*z - u - 33. Let v = z - 27. What is the highest common factor of 15 and v?
3
Let v(d) = d**2 - 6*d - 6. Suppose 2 + 2 = -o. Let u be 15/2 + (-2)/o. Let l be v(u). Calculate the highest common factor of 25 and l.
5
Let d be (-7)/28 - ((-617)/4 + -1). Calculate the greatest common divisor of d and 62.
31
Let d be (1/(-2))/((-5)/110). Let m = d + -7. Suppose 0*c = 2*c - 3*a - 83, m*a = 5*c - 204. What is the greatest common factor of c and 10?
10
Let j = 45 - 8. Let n = 7608 + -7275. Calculate the highest common factor of n and j.
37
Suppose 0 = 5*d + 2*k + k + 12, 0 = -5*d - 4*k - 16. Suppose d = v - 0*v - 6. Let u be v/27 + 1520/45. Calculate the greatest common factor of u and 85.
17
Let i be 2/(3 - 11/4). Suppose -15 - 3 = n. Let r be (120/n)/(3/(-18)). Calculate the highest common divisor of r and i.
8
Suppose 15 = -316*n + 319*n. Suppose -48 = -4*u - 5*l, -6*u + n*l + 60 = -u. Let m be 4/(-18) + 868/18. Calculate the highest common factor of m and u.
12
Let j be (-54)/(-15) - (-2)/5. Let q(l) = 6*l + 8. Let z be q(6). What is the highest common divisor of z and j?
4
Suppose -12*n + 8*n = 8. Let f = -158 - -261. Let h be f - 9/(5 + n). Calculate the greatest common factor of h and 20.
20
Suppose 755*m + 64 = 759*m. Let t(h) = -5 + h**2 + 4*h + 6*h + 0*h**2 - 2*h. Let d be t(-9). What is the highest common divisor of m and d?
4
Suppose 0 = 3*h + 3, -5*u = -h + 4*h + 1248. Let j = u - -546. Let v(f) = 9*f**2 + 3*f + 3. Let w be v(-2). What is the highest common factor of w and j?
33
Let r be (-4)/(-8)*14 + -3. Let p be 5 - 0 - (r - 8). What is the highest common factor of 3 and p?
3
Let c = 985 - 907. What is the highest common divisor of c and 494?
26
Suppose 0 = -72*g + 84*g - 4920. Calculate the greatest common divisor of g and 10.
10
Let u(l) = -l**3 - 12*l**2 - 11*l + 25. Let d be u(-11). Let m be (-2)/1*250/(-4). Calculate the highest common divisor of m and d.
25
Let k(j) = j**2 + 7*j. Let b be k(-12). Suppose -7*m + m + b = 0. Calculate the highest common factor of 50 and m.
10
Let c(a) = 5*a - 70. Let z be c(13). Let s(d) = -2*d**2 - 5*d + 1. Let p be s(-4). Let w = z - p. Calculate the highest common divisor of 24 and w.
6
Let u(t) = 252*t**2 + 2*t - 2. Let d be u(1). Suppose -3*w = 4*w - d. Calculate the greatest common divisor of 12 and w.
12
Let r be 7389/(-288)*-8 - (-1)/(-4). What is the highest common divisor of 82 and r?
41
Suppose -4 = -j - 2*w, 3*j + 8*w = 3*w + 8. Let b(z) = -3*z + 1. Let x be b(j). Calculate the highest common divisor of 39 and x.
13
Let m = 0 + 9. Let k(t) = t**3 - 10*t**2 + 8*t + 11. Let g be k(m). Suppose 5*d - g*i = 20, d - 5*i - 4 = -4*i. What is the highest common factor of d and 36?
4
Suppose -4*o + 2 = -3*n - 6*o, 0 = -5*n + 2*o + 18. Let p(r) = -6*r - 6. Let b be p(-4). What is the highest common divisor of n and b?
2
Let c be (276/(-14))/((-21)/98). Calculate the greatest common factor of c and 138.
46
Let q be 1 - 43*(3 - 8). Let u be q/8 - (-1 - -2). Calculate the greatest common divisor of 65 and u.
13
Let m be (-126)/4*(-216)/126. Suppose -2*l + 0*l = -m. Calculate the greatest common divisor of l and 3.
3
Suppose a + a - 145 = 5*l, 3*l = -3*a + 207. Let n(r) = 59*r - 238. Let t be n(7). Calculate the highest common factor of t and a.
35
Let v be -42 - (1/(-4) - 18/(-8)). Let x be v/3*30/(-20). Calculate the highest common divisor of x and 242.
22
Let o = -7 - -16. Suppose s - 64 = -o. Let n be ((-14)/3 - -1)*(-42 + 39). Calculate the highest common factor of s and n.
11
Let u be (-8 + 8)*1/(-3). Let t be 64 + 10/(5 - u). Suppose 4*s + 2*r = -15 + 35, -r + 4 = s. Calculate the greatest common divisor of t and s.
6
Suppose -h = 2*g - 1636, 2*h = -4*g + h + 3270. What is the highest common factor of g and 19?
19
Let l = 7 + -4. Suppose -5*k = l*z - 72, -z - k = 4 - 28. Suppose 2*x + 179 = 419. Calculate the highest common factor of z and x.
24
Let d = -1 - 0. Let b(g) = 16*g**2 - 1. Let m be b(d). Calculate the highest common factor of m and 30.
15
Let d = -931 - -1087. Calculate the highest common divisor of 48 and d.
12
Suppose 0 = -4*w + w - 4968. Let t be w/(-30) - 2/10. What is the greatest common factor of 22 and t?
11
Suppose -97 = -6*x + x + u, 89 = 4*x + 3*u. Calculate the greatest common divisor of x and 20.
20
Suppose 51*q - 1300 = -q. Calculate the greatest common factor of q and 1025.
25
Let h be 2/((-24)/(-378))*6. What is the greatest common divisor of h and 27?
27
Let p = 33 - 29. Suppose 5*y - 310 = -o - 2*o, -p*o - 345 = -5*y. Let g = 66 + -40. What is the greatest common factor of g and y?
13
Suppose -q = 3*k - 33, -4*k + 17 + 17 = 3*q. Suppose -3*h = -53 + 14. What is the highest common divisor of h and k?
13
Let q(l) = 3*l + 7. Let j be q(6). Let v = 154 - -367. Suppose 3*o - v = -f, 0*f - 867 = -5*o - 2*f. What is the greatest common factor of j and o?
25
Suppose m = 2*y + 2*y - 6, 5*y = -3*m + 50. Let o be m/(-30) + 34/3. Let n = o + -9. Calculate the greatest common factor of 22 and n.
2
Let l = 436 + -421. Calculate the highest common factor of l and 80.
5
Suppose 7*x - 328 = 1128. Calculate the greatest common factor of 26 and x.
26
Let j = -23 - -26. Suppose -2*w = j*w. Suppose w*b + b = 4*m + 41, -2*b + 4*m + 86 = 0. Calculate the highest common factor of 15 and b.
15
Suppose 4*m = 7*m + 54. Let y be (-66)/(9/(m/4)). What is the highest common factor of 3 and y?
3
Let s = -22 + 13. Let a = -5 - s. Let z(k) = 3*k**2 - 7*k - 3. Let h be z(a). What is the highest common divisor of 153 and h?
17
Let n(a) = -5*a - 3. Let i(f) = f. Let s(k) = 6*i(k) + n(k). Let y be s(5). Suppose o = y*o - 11. Calculate the highest common divisor of o and 33.
11
Let a(s) = -2*s**3 - 17*s**2 - 6*s + 33. Let v be a(-8). What is the highest common factor of v and 51?
17
Suppose 2*g - 100 = 36. Suppose g = 2*d - 0*d. Let n be 9/(-9)*(2 - 87). What is the highest common factor of n and d?
17
Let g be (-36)/(-120) - 185/(-150)*3. What is the highest common factor of 356 and g?
4
Let z(u) = -u**2 + 14*u + 3. Let n be (-2)/7 - 700/(-49). Let p be z(n). Let c be p + 2 + (-76)/(-4). Calculate the highest common divisor of c and 60.
12
Let q be 14 - ((-2 - 0) + -1). Let m be (-1185)/(-79)*51/9. Calculate the greatest common divisor of m and q.
17
Suppose 2952 = 25*q + 27. What is the highest common factor of 18 and q?
9
Let h = -242 - -417. What is the greatest common factor of 315 and h?
35
Let k be (2 + -8)*(-19)/19. Calculate the greatest common divisor of k and 21.
3
Let z = 71 - 119. Let a be (-64)/z + (-14)/(-3). Suppose 120 = -r + a*r. What is the highest common divisor of 3 and r?
3
Let n = -148 + 10. Let o = -19 - n. What is the greatest common factor of 17 and o?
17
Let s be 13*2 + -1*2. Let z = -5393 + 5399. Calculate the greatest common divisor of s and z.
6
Let n = 45 + 98. Let v(y) = 25*y + 838. Let g be v(-33). What is the greatest common factor of n and g?
13
Let d(l) = 5*l**2 + 6*l - 3. Let z be d(-10). Calculate the highest common factor of z and 23.
23
Let c(t) = t**3 + 10*t**2 - 6*t - 5. Let o be c(-8). Calculate the greatest common factor of o and 9.
9
Let l = 1153 + -1139. What is the greatest common divisor of 6 and l?
2
Suppose 2*b - 7 = -3. Let m = 3 + b. Suppose -m*c = -3*z + 6 + 65, -2*c + 108 = 5*z. What is the highest common factor of z and 33?
11
Let p(g) = g + 11. Let j be p(-15